{"id":160,"date":"2024-07-08T21:41:31","date_gmt":"2024-07-08T19:41:31","guid":{"rendered":"https:\/\/monsacamainfaitmain.com\/?post_type=product&#038;p=160"},"modified":"2024-07-08T21:44:24","modified_gmt":"2024-07-08T19:44:24","slug":"rouge-flamboyant-perle-laniere-vert-fonce","status":"publish","type":"product","link":"https:\/\/monsacamainfaitmain.com\/index.php\/produit\/rouge-flamboyant-perle-laniere-vert-fonce\/","title":{"rendered":"Rouge flamboyant perl\u00e9 (lani\u00e8re vert fonc\u00e9)"},"content":{"rendered":"","protected":false},"excerpt":{"rendered":"<p>Sac besace<\/p>\n<p>100% coton<\/p>\n<p>100% fait \u00e0 la main<\/p>\n<p>Couleur Rouge Rustique<\/p>\n","protected":false},"featured_media":161,"comment_status":"open","ping_status":"closed","template":"","meta":{"advanced_seo_description":"","jetpack_seo_html_title":"","jetpack_seo_noindex":false},"product_cat":[15],"product_tag":[],"class_list":{"0":"post-160","1":"product","2":"type-product","3":"status-publish","4":"has-post-thumbnail","6":"product_cat-non-classe","8":"first","9":"instock","10":"shipping-taxable","11":"purchasable","12":"product-type-simple"},"jetpack_sharing_enabled":true,"_links":{"self":[{"href":"https:\/\/monsacamainfaitmain.com\/index.php\/wp-json\/wp\/v2\/product\/160","targetHints":{"allow":["GET"]}}],"collection":[{"href":"https:\/\/monsacamainfaitmain.com\/index.php\/wp-json\/wp\/v2\/product"}],"about":[{"href":"https:\/\/monsacamainfaitmain.com\/index.php\/wp-json\/wp\/v2\/types\/product"}],"replies":[{"embeddable":true,"href":"https:\/\/monsacamainfaitmain.com\/index.php\/wp-json\/wp\/v2\/comments?post=160"}],"wp:featuredmedia":[{"embeddable":true,"href":"https:\/\/monsacamainfaitmain.com\/index.php\/wp-json\/wp\/v2\/media\/161"}],"wp:attachment":[{"href":"https:\/\/monsacamainfaitmain.com\/index.php\/wp-json\/wp\/v2\/media?parent=160"}],"wp:term":[{"taxonomy":"product_cat","embeddable":true,"href":"https:\/\/monsacamainfaitmain.com\/index.php\/wp-json\/wp\/v2\/product_cat?post=160"},{"taxonomy":"product_tag","embeddable":true,"href":"https:\/\/monsacamainfaitmain.com\/index.php\/wp-json\/wp\/v2\/product_tag?post=160"}],"curies":[{"name":"wp","href":"https:\/\/api.w.org\/{rel}","templated":true}]}}