{"id":141,"date":"2024-07-08T21:27:03","date_gmt":"2024-07-08T19:27:03","guid":{"rendered":"https:\/\/monsacamainfaitmain.com\/?post_type=product&#038;p=141"},"modified":"2024-07-08T22:15:33","modified_gmt":"2024-07-08T20:15:33","slug":"terre-elegante-laniere-rouge-magenta","status":"publish","type":"product","link":"https:\/\/monsacamainfaitmain.com\/index.php\/produit\/terre-elegante-laniere-rouge-magenta\/","title":{"rendered":"Terre \u00e9l\u00e9gante (lani\u00e8re rouge magenta)"},"content":{"rendered":"","protected":false},"excerpt":{"rendered":"<p>Sac besace<\/p>\n<p>100% coton<\/p>\n<p>100% fait \u00e0 la main<\/p>\n<p>Couleur Rouge Rustique<\/p>\n","protected":false},"featured_media":199,"comment_status":"open","ping_status":"closed","template":"","meta":{"advanced_seo_description":"","jetpack_seo_html_title":"","jetpack_seo_noindex":false},"product_cat":[15],"product_tag":[],"class_list":{"0":"post-141","1":"product","2":"type-product","3":"status-publish","4":"has-post-thumbnail","6":"product_cat-non-classe","8":"first","9":"instock","10":"shipping-taxable","11":"purchasable","12":"product-type-simple"},"jetpack_sharing_enabled":true,"_links":{"self":[{"href":"https:\/\/monsacamainfaitmain.com\/index.php\/wp-json\/wp\/v2\/product\/141","targetHints":{"allow":["GET"]}}],"collection":[{"href":"https:\/\/monsacamainfaitmain.com\/index.php\/wp-json\/wp\/v2\/product"}],"about":[{"href":"https:\/\/monsacamainfaitmain.com\/index.php\/wp-json\/wp\/v2\/types\/product"}],"replies":[{"embeddable":true,"href":"https:\/\/monsacamainfaitmain.com\/index.php\/wp-json\/wp\/v2\/comments?post=141"}],"wp:featuredmedia":[{"embeddable":true,"href":"https:\/\/monsacamainfaitmain.com\/index.php\/wp-json\/wp\/v2\/media\/199"}],"wp:attachment":[{"href":"https:\/\/monsacamainfaitmain.com\/index.php\/wp-json\/wp\/v2\/media?parent=141"}],"wp:term":[{"taxonomy":"product_cat","embeddable":true,"href":"https:\/\/monsacamainfaitmain.com\/index.php\/wp-json\/wp\/v2\/product_cat?post=141"},{"taxonomy":"product_tag","embeddable":true,"href":"https:\/\/monsacamainfaitmain.com\/index.php\/wp-json\/wp\/v2\/product_tag?post=141"}],"curies":[{"name":"wp","href":"https:\/\/api.w.org\/{rel}","templated":true}]}}